{"id":8011,"date":"2020-01-04T22:15:08","date_gmt":"2020-01-04T21:15:08","guid":{"rendered":"https:\/\/2019.gruenebern.ch\/kanton\/event\/delegiertenversammlung-copy"},"modified":"2020-02-11T17:28:45","modified_gmt":"2020-02-11T16:28:45","slug":"delegiertenversammlung-copy","status":"publish","type":"tribe_events","link":"https:\/\/2019.gruenebern.ch\/vorlagefr\/event\/delegiertenversammlung-copy","title":{"rendered":"Assembl\u00e9e des d\u00e9l\u00e9gu\u00e9-e-s"},"content":{"rendered":"","protected":false},"excerpt":{"rendered":"","protected":false},"author":3,"featured_media":0,"template":"","meta":{"_acf_changed":false,"inline_featured_image":false,"_tribe_events_status":"","_tribe_events_status_reason":"","footnotes":""},"tags":[30,31],"tribe_events_cat":[18],"class_list":["post-8011","tribe_events","type-tribe_events","status-publish","hentry","tag-dv","tag-gruene-kanton-bern","tribe_events_cat-evenements","cat_evenements"],"acf":[],"yoast_head":"<!-- This site is optimized with the Yoast SEO plugin v26.9 - https:\/\/yoast.com\/product\/yoast-seo-wordpress\/ -->\n<title>VORLAGE WEBSITES FR<\/title>\n<meta name=\"robots\" content=\"index, follow, max-snippet:-1, max-image-preview:large, max-video-preview:-1\" \/>\n<link rel=\"canonical\" href=\"https:\/\/2019.gruenebern.ch\/vorlagefr\/event\/delegiertenversammlung-copy\" \/>\n<meta property=\"og:locale\" content=\"fr_FR\" \/>\n<meta property=\"og:type\" content=\"article\" \/>\n<meta property=\"og:url\" content=\"https:\/\/2019.gruenebern.ch\/vorlagefr\/event\/delegiertenversammlung-copy\" \/>\n<meta property=\"og:site_name\" content=\"VORLAGE WEBSITES FR\" \/>\n<meta property=\"article:modified_time\" content=\"2020-02-11T16:28:45+00:00\" \/>\n<meta name=\"twitter:card\" content=\"summary_large_image\" \/>\n<script type=\"application\/ld+json\" class=\"yoast-schema-graph\">{\"@context\":\"https:\/\/schema.org\",\"@graph\":[{\"@type\":\"WebPage\",\"@id\":\"https:\/\/2019.gruenebern.ch\/vorlagefr\/event\/delegiertenversammlung-copy\",\"url\":\"https:\/\/2019.gruenebern.ch\/vorlagefr\/event\/delegiertenversammlung-copy\",\"name\":\"\",\"isPartOf\":{\"@id\":\"https:\/\/2019.gruenebern.ch\/vorlagefr\/#website\"},\"datePublished\":\"2020-01-04T21:15:08+00:00\",\"dateModified\":\"2020-02-11T16:28:45+00:00\",\"breadcrumb\":{\"@id\":\"https:\/\/2019.gruenebern.ch\/vorlagefr\/event\/delegiertenversammlung-copy#breadcrumb\"},\"inLanguage\":\"fr-FR\",\"potentialAction\":[{\"@type\":\"ReadAction\",\"target\":[\"https:\/\/2019.gruenebern.ch\/vorlagefr\/event\/delegiertenversammlung-copy\"]}]},{\"@type\":\"BreadcrumbList\",\"@id\":\"https:\/\/2019.gruenebern.ch\/vorlagefr\/event\/delegiertenversammlung-copy#breadcrumb\",\"itemListElement\":[{\"@type\":\"ListItem\",\"position\":1,\"name\":\"Page d'accueil\",\"item\":\"https:\/\/2019.gruenebern.ch\/vorlagefr\/\"},{\"@type\":\"ListItem\",\"position\":2,\"name\":\"\u00c9v\u00e8nements\",\"item\":\"https:\/\/2019.gruenebern.ch\/vorlagefr?post_type=tribe_events\"},{\"@type\":\"ListItem\",\"position\":3,\"name\":\"Assembl\u00e9e des d\u00e9l\u00e9gu\u00e9-e-s\"}]},{\"@type\":\"WebSite\",\"@id\":\"https:\/\/2019.gruenebern.ch\/vorlagefr\/#website\",\"url\":\"https:\/\/2019.gruenebern.ch\/vorlagefr\/\",\"name\":\"VORLAGE WEBSITES FR\",\"description\":\"Une longueur d&#039;avance\",\"potentialAction\":[{\"@type\":\"SearchAction\",\"target\":{\"@type\":\"EntryPoint\",\"urlTemplate\":\"https:\/\/2019.gruenebern.ch\/vorlagefr\/?s={search_term_string}\"},\"query-input\":{\"@type\":\"PropertyValueSpecification\",\"valueRequired\":true,\"valueName\":\"search_term_string\"}}],\"inLanguage\":\"fr-FR\"}]}<\/script>\n<!-- \/ Yoast SEO plugin. -->","yoast_head_json":{"title":"VORLAGE WEBSITES FR","robots":{"index":"index","follow":"follow","max-snippet":"max-snippet:-1","max-image-preview":"max-image-preview:large","max-video-preview":"max-video-preview:-1"},"canonical":"https:\/\/2019.gruenebern.ch\/vorlagefr\/event\/delegiertenversammlung-copy","og_locale":"fr_FR","og_type":"article","og_url":"https:\/\/2019.gruenebern.ch\/vorlagefr\/event\/delegiertenversammlung-copy","og_site_name":"VORLAGE WEBSITES FR","article_modified_time":"2020-02-11T16:28:45+00:00","twitter_card":"summary_large_image","schema":{"@context":"https:\/\/schema.org","@graph":[{"@type":"WebPage","@id":"https:\/\/2019.gruenebern.ch\/vorlagefr\/event\/delegiertenversammlung-copy","url":"https:\/\/2019.gruenebern.ch\/vorlagefr\/event\/delegiertenversammlung-copy","name":"","isPartOf":{"@id":"https:\/\/2019.gruenebern.ch\/vorlagefr\/#website"},"datePublished":"2020-01-04T21:15:08+00:00","dateModified":"2020-02-11T16:28:45+00:00","breadcrumb":{"@id":"https:\/\/2019.gruenebern.ch\/vorlagefr\/event\/delegiertenversammlung-copy#breadcrumb"},"inLanguage":"fr-FR","potentialAction":[{"@type":"ReadAction","target":["https:\/\/2019.gruenebern.ch\/vorlagefr\/event\/delegiertenversammlung-copy"]}]},{"@type":"BreadcrumbList","@id":"https:\/\/2019.gruenebern.ch\/vorlagefr\/event\/delegiertenversammlung-copy#breadcrumb","itemListElement":[{"@type":"ListItem","position":1,"name":"Page d'accueil","item":"https:\/\/2019.gruenebern.ch\/vorlagefr\/"},{"@type":"ListItem","position":2,"name":"\u00c9v\u00e8nements","item":"https:\/\/2019.gruenebern.ch\/vorlagefr?post_type=tribe_events"},{"@type":"ListItem","position":3,"name":"Assembl\u00e9e des d\u00e9l\u00e9gu\u00e9-e-s"}]},{"@type":"WebSite","@id":"https:\/\/2019.gruenebern.ch\/vorlagefr\/#website","url":"https:\/\/2019.gruenebern.ch\/vorlagefr\/","name":"VORLAGE WEBSITES FR","description":"Une longueur d&#039;avance","potentialAction":[{"@type":"SearchAction","target":{"@type":"EntryPoint","urlTemplate":"https:\/\/2019.gruenebern.ch\/vorlagefr\/?s={search_term_string}"},"query-input":{"@type":"PropertyValueSpecification","valueRequired":true,"valueName":"search_term_string"}}],"inLanguage":"fr-FR"}]}},"_links":{"self":[{"href":"https:\/\/2019.gruenebern.ch\/vorlagefr\/wp-json\/wp\/v2\/tribe_events\/8011","targetHints":{"allow":["GET"]}}],"collection":[{"href":"https:\/\/2019.gruenebern.ch\/vorlagefr\/wp-json\/wp\/v2\/tribe_events"}],"about":[{"href":"https:\/\/2019.gruenebern.ch\/vorlagefr\/wp-json\/wp\/v2\/types\/tribe_events"}],"author":[{"embeddable":true,"href":"https:\/\/2019.gruenebern.ch\/vorlagefr\/wp-json\/wp\/v2\/users\/3"}],"version-history":[{"count":4,"href":"https:\/\/2019.gruenebern.ch\/vorlagefr\/wp-json\/wp\/v2\/tribe_events\/8011\/revisions"}],"predecessor-version":[{"id":8935,"href":"https:\/\/2019.gruenebern.ch\/vorlagefr\/wp-json\/wp\/v2\/tribe_events\/8011\/revisions\/8935"}],"wp:attachment":[{"href":"https:\/\/2019.gruenebern.ch\/vorlagefr\/wp-json\/wp\/v2\/media?parent=8011"}],"wp:term":[{"taxonomy":"post_tag","embeddable":true,"href":"https:\/\/2019.gruenebern.ch\/vorlagefr\/wp-json\/wp\/v2\/tags?post=8011"},{"taxonomy":"tribe_events_cat","embeddable":true,"href":"https:\/\/2019.gruenebern.ch\/vorlagefr\/wp-json\/wp\/v2\/tribe_events_cat?post=8011"}],"curies":[{"name":"wp","href":"https:\/\/api.w.org\/{rel}","templated":true}]}}

Assemblée des délégué-e-s

<!-- This site is optimized with the Yoast SEO plugin v26.9 - https://yoast.com/product/yoast-seo-wordpress/ -->
<title>VORLAGE WEBSITES FR</title>
<meta name="robots" content="index, follow, max-snippet:-1, max-image-preview:large, max-video-preview:-1" />
<link rel="canonical" href="https://2019.gruenebern.ch/vorlagefr/event/delegiertenversammlung-copy" />
<meta property="og:locale" content="fr_FR" />
<meta property="og:type" content="article" />
<meta property="og:url" content="https://2019.gruenebern.ch/vorlagefr/event/delegiertenversammlung-copy" />
<meta property="og:site_name" content="VORLAGE WEBSITES FR" />
<meta property="article:modified_time" content="2020-02-11T16:28:45+00:00" />
<meta name="twitter:card" content="summary_large_image" />
<script type="application/ld+json" class="yoast-schema-graph">{"@context":"https://schema.org","@graph":[{"@type":"WebPage","@id":"https://2019.gruenebern.ch/vorlagefr/event/delegiertenversammlung-copy","url":"https://2019.gruenebern.ch/vorlagefr/event/delegiertenversammlung-copy","name":"","isPartOf":{"@id":"https://2019.gruenebern.ch/vorlagefr/#website"},"datePublished":"2020-01-04T21:15:08+00:00","dateModified":"2020-02-11T16:28:45+00:00","breadcrumb":{"@id":"https://2019.gruenebern.ch/vorlagefr/event/delegiertenversammlung-copy#breadcrumb"},"inLanguage":"fr-FR","potentialAction":[{"@type":"ReadAction","target":["https://2019.gruenebern.ch/vorlagefr/event/delegiertenversammlung-copy"]}]},{"@type":"BreadcrumbList","@id":"https://2019.gruenebern.ch/vorlagefr/event/delegiertenversammlung-copy#breadcrumb","itemListElement":[{"@type":"ListItem","position":1,"name":"Page d'accueil","item":"https://2019.gruenebern.ch/vorlagefr/"},{"@type":"ListItem","position":2,"name":"Évènements","item":"https://2019.gruenebern.ch/vorlagefr?post_type=tribe_events"},{"@type":"ListItem","position":3,"name":"Assemblée des délégué-e-s"}]},{"@type":"WebSite","@id":"https://2019.gruenebern.ch/vorlagefr/#website","url":"https://2019.gruenebern.ch/vorlagefr/","name":"VORLAGE WEBSITES FR","description":"Une longueur d&#039;avance","potentialAction":[{"@type":"SearchAction","target":{"@type":"EntryPoint","urlTemplate":"https://2019.gruenebern.ch/vorlagefr/?s={search_term_string}"},"query-input":{"@type":"PropertyValueSpecification","valueRequired":true,"valueName":"search_term_string"}}],"inLanguage":"fr-FR"}]}</script>
<!-- / Yoast SEO plugin. -->

Évènements
